 = y*j(u) - 4*m(u). What is i(3)?
0
Let i = 58 + -49. Let y(o) = o**2 - 10*o - 1. Calculate y(i).
-10
Let n be (1 - 1)/(5 + -3). Let k be n/(-1)*(-1)/(-1). Let h(m) = m**3 - m + 1. Determine h(k).
1
Suppose 3*n = 5*n + 12. Let w(t) = t**3 + 7*t**2 + 7*t + 5. Give w(n).
-1
Let s = 9 - 6. Suppose 4 + 25 = s*l + 5*m, l = -4*m + 19. Let v(q) = -4*q - 3*q + 6*q. Determine v(l).
-3
Let i(q) = 2 + 2*q + 0*q + 2*q - 3*q. Calculate i(-6).
-4
Let d(s) = s**2 - 2*s - 2. Let f = -7 - -4. Calculate d(f).
13
Let m = 14 - 12. Let h(a) = -m + 0*a + 2 + 4 - a. Determine h(3).
1
Suppose 0 = -3*l + 5*j - 1, -4*j = 5*l - j - 21. Suppose -19 = 3*g + 5*f, l*g + 0*f = -2*f - 4. Let a(d) = -2*d - d**3 - 5*d**g + d + 2*d - 1. What is a(-5)?
-6
Let i = 1 - -1. Let l(u) = 1 - u + i*u + 3*u. Let q be ((-2)/6)/((-2)/(-6)). Calculate l(q).
-3
Let p(i) = -15*i**2 - 11*i - 6. Let g(o) = -3*o**2 - 2*o - 1. Let u(v) = 11*g(v) - 2*p(v). Let t be 2/2 - (0 + 0). Determine u(t).
-2
Let s be (1*4)/(9 + -8). Suppose -10*d + 12 = -s*d. Let c(z) = 6*z + 2. Give c(d).
14
Let d(k) be the second derivative of 11*k**3/6 - k**2/2 + k. Let m = 7 + -14. Let q = m + 8. Determine d(q).
10
Let p = 47 - 43. Let n(q) = 2*q - 5 - q + 1. Give n(p).
0
Suppose 5*a + t - 2 = 0, 0 = -2*t + 7*t + 15. Let v(i) = -7*i - 1. What is v(a)?
-8
Let t = 6 + -6. Let y(p) = p. Give y(t).
0
Let r(g) be the third derivative of -g**5/60 - g**4/24 + g**3/6 - 5*g**2. Determine r(0).
1
Let v(a) = a - 4. Let r be v(4). Let h(x) = -2 + x + r*x + x**3 - 3*x**2 + 0*x. What is h(3)?
1
Let y(p) = 2*p**2 - p + 2. Let w(a) = -a**2. Let z(b) = -3*w(b) - y(b). Calculate z(-2).
0
Let k(j) = 17*j + 1. Let b(g) = 4*g. Let p(m) = 9*b(m) - 2*k(m). What is p(-3)?
-8
Let v be (-1 + 1)*(-2)/(-6). Suppose 0*p + 4 = -p - a, v = -4*a - 12. Let r(h) be the first derivative of 3*h**2 + h - 2. Give r(p).
-5
Suppose -9 = 2*r - 1. Let k = -10 - -7. Let b(d) = -d**2 - 8*d - 5. Let g(t) = -t**2 - 7*t - 5. Let c(p) = k*g(p) + 2*b(p). Give c(r).
1
Suppose 3*m = 1 + 11. Suppose -l = 7 - m. Let o(g) = -g - 4. What is o(l)?
-1
Let x(t) = t + 2. Let u = -10 + 16. Let m(z) = -z**2 + 8*z - 8. Let g be m(u). Determine x(g).
6
Let m = -1 + 3. Let l be -1 + (-2)/2*m. Let s(u) be the second derivative of u**4/12 + u**3/6 - 3*u. Give s(l).
6
Let q = 8 + -4. Suppose -4*d - 5 = d. Let f = q + d. Let w(p) = 2*p - 1. Give w(f).
5
Let c(v) be the first derivative of -v**3 - v**2 + v + 2 - 1/2*v**4. Suppose 0 = 2*i + 3*m + 19, 4*i + 5*m - 2*m = -23. Calculate c(i).
9
Let c(p) = -p - 3. Let y(s) = 3*s + 7. Let o(x) = -9*c(x) - 4*y(x). Let u(m) be the second derivative of -m**4/12 + m**2/2 - m. Let b be u(0). Give o(b).
-4
Let g(a) = a - 2. Suppose 3 = -5*q - 2. Let d be 1 + q + -1 + 1. Let i = -5 + d. Give g(i).
-7
Let f(r) = -r - 1. Let l = 22 + -23. What is f(l)?
0
Let y = -45 - -51. Let r(k) = -2*k + 6. Determine r(y).
-6
Let k(a) = a**2 - 4*a + 7. Let z be k(0). Let q(g) = -g + 12. Determine q(z).
5
Let d(r) = 2*r - 9. Let o(l) = l**2 - 3. Let w be o(-3). Let j be d(w). Suppose j*v - 15 = -2*v. Let y(i) = i - 2. Give y(v).
1
Let p(r) = -3*r**2 - 6*r + 1. Let y(o) = o**2 + o. Let k(s) = p(s) + 4*y(s). Calculate k(2).
1
Suppose -5*j - 7 = 23. Let s(f) = 2*f + 8. Determine s(j).
-4
Let d(f) = -4*f**2 - f**2 - 2*f + 4*f**2 + 7. Let n be (-2)/(-1 + 28/20). What is d(n)?
-8
Let w(f) be the second derivative of f**3/6 - 3*f**2 - 3*f. Calculate w(7).
1
Let a(b) = -2*b + 18. Let p be a(12). Let o(l) = l**3 + 6*l**2 - l - 4. Calculate o(p).
2
Let p(a) = -7*a**3 - 2*a**2 + 1. Suppose 4*o - 4 = -2*i - 0*i, 5*i + 46 = 4*o. Let m = 5 + i. Calculate p(m).
6
Let o(b) = -6*b**3 + b. Let g be (-7)/(21/18) - -3. Let c = 4 + g. Determine o(c).
-5
Suppose -5*s + 0*s = -10. Let o(h) = 2 - h**s - h**2 + 3*h**2. Suppose -3*g - 16 = 5*g. Give o(g).
6
Let l(f) = 2*f + 6 - 10*f + 10*f. Determine l(-4).
-2
Suppose 18 = -6*s - 0*s. Let h(v) = -v**2 - 2*v + 1. Calculate h(s).
-2
Let t(n) = 15 - 2*n**2 - 7 - 4*n - 6 - 5. Let g = 2 + -4. Determine t(g).
-3
Suppose -4*u - 20 = -68. Suppose 3*s - u = 3*j, -j - 2*s + 5 = 3. Let t be 1*j + 2 - 2. Let c(f) = -f**2 + 2. What is c(t)?
-2
Suppose 0 = -4*d + 304 - 288. Let g(j) be the second derivative of -3*j + 3/2*j**2 + 0 - 2/3*j**3 + 1/12*j**d. Calculate g(4).
3
Let n = -7 - -10. Let t be 6/8 + n/12. Let l(b) = b**3 + 1. Let w(d) = -3*d**3 + 4*d**2 - 3*d - 1. Let u(s) = t*w(s) + 2*l(s). What is u(3)?
1
Let i(b) = 6 - 1 - b + 3. Let q = -11 - -11. What is i(q)?
8
Let d(v) be the first derivative of -v**4/4 + 10*v**3/3 - 3*v + 8. Give d(10).
-3
Let c(p) = 72*p**2 + p - 3 - 69*p**2 - 2*p**3 - 4*p. Let k(d) = -3*d**3 + 4*d**2 - 4*d - 4. Let o(s) = 7*c(s) - 5*k(s). Determine o(2).
9
Suppose 13*r + 16 = 17*r. Let y(d) = d**2 - 3*d - 1. Determine y(r).
3
Let k(i) = i + 1. Let h(n) = n**3 + n**2 + 6*n + 6. Let b(c) = h(c) - 6*k(c). Calculate b(-1).
0
Let u(h) = -3*h**3 - 19*h**2 + h + 13. Let z(y) = y**3 + 9*y**2 - 7. Let o(x) = -2*u(x) - 5*z(x). What is o(7)?
-5
Let w(s) be the second derivative of -s + s**3 - 1/12*s**4 - 3*s**2 + 0. Calculate w(5).
-1
Let u be ((-54)/(-21))/(2/14). Let f = u - 23. Let j(n) = -n**2 - 5*n - 2. Give j(f).
-2
Let g(y) = -y**2 + y + 5. Let s be g(2). Let n(f) = 3*f + 2. Calculate n(s).
11
Let f(g) = 2*g**2 + 4*g. Let o = 10 + -4. Suppose 5*u = o*u. Suppose -5*d + u*d = 15. Determine f(d).
6
Suppose 0 = 29*z - 30*z + 2. Let c(o) = -6*o + 2. Determine c(z).
-10
Let i = -5 - -7. Let h = 0 + i. Let z(o) = o**3 - o**2 - 1. Determine z(h).
3
Let y be -2 + 0/(-3) + 4. Let l(p) = p**2 + p - 1. Give l(y).
5
Let q(v) be the third derivative of 0*v + 0*v**4 + 1/60*v**6 - 1/30*v**5 + 1/6*v**3 + 0 - 3*v**2. Calculate q(1).
1
Let a(n) be the second derivative of -n**5/20 + 7*n**4/12 + n**3/3 - 4*n**2 + 8*n. Determine a(7).
6
Let q(w) = -3 + 1 - 9*w + 7*w. Calculate q(2).
-6
Let d(c) = 2*c + 7. Let b(r) = -8 + 8 - 2 + r + 0*r. Let w be b(-4). Give d(w).
-5
Let s be -1 - 6*(-1)/2. Let i(g) = -2*g**2 + 6*g**2 + 5 + g**2 + g**3 + s*g. Let a be ((-10)/(-6))/((-1)/3). Determine i(a).
-5
Let d(x) = -2*x**3 + x. Let j(t) = 4 - 6 - 3 + 5*t - 4*t. Let o be j(6). Let l be d(o). Let n(k) = 4*k**2 + k + 1. Give n(l).
4
Let u be 4 + -2 + (-2 - -1). Let a(j) = 5*j**3 - 8*j**2 + 6*j + 1. Let g(h) = h**3 - h**2 + h. Let b(w) = a(w) - 6*g(w). What is b(u)?
-2
Let o(r) = r**2 + 4*r - 5. Let w = 16 + -17. Let h be (-8 - -5) + (w - 2). What is o(h)?
7
Let k(r) = -r**2 + 4*r - 5. Suppose 44*q + 20 = 48*q. What is k(q)?
-10
Suppose 0 = p - 1, -c - 4*p = -7*p + 12. Let y(w) = -w - 1. Give y(c).
8
Let r be (-6)/4*88/(-33). Suppose r*w + 2*t - 26 = 0, -4*w = w - 4*t. Let b(k) = k**2 - 6*k + 4. What is b(w)?
-4
Let y(m) = m**3 - 5*m**2 + 6*m - 2. Suppose 5*w + s - 20 = -2*s, -s - 20 = -5*w. What is y(w)?
6
Suppose 5*u = 5*j, 7*u + 5 = 2*u. Let o(g) be the first derivative of -g**2 - 12. Calculate o(j).
2
Let j(n) = -3*n - 4. Let u = 57 - 63. Calculate j(u).
14
Let o = -45 + 271/6. Let a(q) be the third derivative of 0*q + 1/12*q**4 + 0 + o*q**3 + q**2. What is a(3)?
7
Let d(g) be the second derivative of -g**5/20 - g**4/3 - g**3/3 + 3*g**2/2 + g. Let k(b) = -4*b**3 - 2*b + 2. Let n be k(1). Give d(n).
11
Let n(z) be the second derivative of -1/2*z**2 - 1/12*z**4 - 3*z + 0 - 2/3*z**3. Suppose -5*q - 4*m + 5 = 17, 0 = -m + 2. Calculate n(q).
-1
Suppose 2*n - 2*r - 4 = 0, 0 = n + r - 3*r - 7. Let a(o) be the second derivative of o**3/6 - o**2/2 + o. Calculate a(n).
-4
Let r = -11 + 221/20. Let h(z) be the third derivative of -z**2 + r*z**5 + 0*z**3 + 0*z + 0*z**4 + 0. What is h(-1)?
3
Let d(u) = u**2 - 8*u + 3. Let b be (-38)/(-7) + (-1 - 66/(-42)). What is d(b)?
-9
Let i(a) = -a**2 - 2*a - 3. Let l = -4 - -5. Suppose -w + l = 3. Determine i(w).
-3
Let i(v) = v**3 - 3*v**2 - 4*v + 1. Let l = 84 - 80. Determine i(l).
1
Let l(j) = -5*j - 1. Let z(q) = -4*q - 1. Let y be (-3)/(18/3)*-8. Suppose 3*v = -4*p + 3, -5*v + p + y = 22. Let o(x) = v*l(x) + 4*z(x). Give o(3).
-4
Let l(t) = t**3 - 2*t**2 + t - 3. Suppose -3*s + 4*v = -1, -2*s + 4*s + 5*v - 16 = 0. Determine l(s).
9
Let k = -12 - -17. Suppose 0*n + 3 = 3*n - 5*g, 0 = 2*n - g + k. Let m(p) = -p + 2. What is m(n)?
6
Let w(q) be the second derivative of q**6/720 - q**4/12 + q. Let s(k) be the third derivative of w